ime factors of 229154261?
7, 1021, 32063
What are the prime factors of 133526556?
2, 3, 29, 1579
What are the prime factors of 837773271?
3, 5381, 17299
What are the prime factors of 56849349?
3, 19, 997357
List the prime factors of 239073450.
2, 3, 5, 7, 11, 2957
List the prime factors of 294668779.
137, 2150867
What are the prime factors of 645427070?
2, 5, 1913, 33739
What are the prime factors of 10131785?
5, 491, 4127
List the prime factors of 45263784.
2, 3, 1885991
What are the prime factors of 1382224807?
31, 67, 677, 983
List the prime factors of 795920110.
2, 5, 17, 43, 108881
List the prime factors of 1165461276.
2, 3, 7, 1982077
List the prime factors of 235779223.
235779223
List the prime factors of 1404661885.
5, 11, 419, 60953
List the prime factors of 1088974318.
2, 61, 8926019
List the prime factors of 259683018.
2, 3, 7, 23, 268823
What are the prime factors of 112860609?
3, 23, 1635661
List the prime factors of 317845456.
2, 977, 20333
List the prime factors of 3125146824.
2, 3, 43404817
List the prime factors of 69962782.
2, 37, 241, 3923
List the prime factors of 1838172879.
3, 19, 349, 10267
What are the prime factors of 39519149?
109, 362561
List the prime factors of 434284031.
434284031
List the prime factors of 204454100.
2, 5, 2044541
What are the prime factors of 103899827?
103899827
What are the prime factors of 32382328?
2, 11, 29, 12689
What are the prime factors of 60049276?
2, 7, 2144617
What are the prime factors of 37592884?
2, 7, 349, 3847
What are the prime factors of 237385807?
17, 13963871
List the prime factors of 2361577455.
3, 5, 101, 503, 1033
List the prime factors of 43795529.
31, 1412759
List the prime factors of 1364297262.
2, 3, 227382877
What are the prime factors of 12978134?
2, 13, 499159
List the prime factors of 3136250837.
71, 509, 86783
List the prime factors of 2115402920.
2, 5, 23, 337, 6823
What are the prime factors of 37974687?
3, 101, 125329
List the prime factors of 508484687.
508484687
What are the prime factors of 273103316?
2, 79, 864251
List the prime factors of 57296641.
57296641
What are the prime factors of 705051171?
3, 11, 103, 69143
What are the prime factors of 41205066?
2, 3, 7, 981073
What are the prime factors of 709406681?
709406681
What are the prime factors of 3273697924?
2, 7, 116917783
What are the prime factors of 548124659?
17, 2063, 15629
What are the prime factors of 520204580?
2, 5, 7, 557, 953
List the prime factors of 7616403494.
2, 7, 23, 241, 2003
What are the prime factors of 32504383?
19, 1710757
List the prime factors of 463053004.
2, 17, 59, 211, 547
What are the prime factors of 170054722?
2, 85027361
What are the prime factors of 151304283?
3, 13, 1293199
List the prime factors of 98782972.
2, 24695743
What are the prime factors of 38666644?
2, 9666661
List the prime factors of 598753245.
3, 5, 79, 505277
What are the prime factors of 41525105?
5, 8305021
What are the prime factors of 32017471?
59, 421, 1289
List the prime factors of 787158467.
19, 41, 1010473
List the prime factors of 185872366.
2, 3851, 24133
What are the prime factors of 751421301?
3, 17, 14733751
What are the prime factors of 2220348721?
19, 29, 97, 41543
What are the prime factors of 4214493929?
4214493929
What are the prime factors of 14610446?
2, 17, 429719
List the prime factors of 6148014339.
3, 157, 317, 41177
List the prime factors of 272011931.
79, 953, 3613
List the prime factors of 52931254.
2, 26465627
What are the prime factors of 3229200692?
2, 29, 359, 77543
List the prime factors of 225448160.
2, 5, 7, 101, 1993
List the prime factors of 66699614.
2, 19, 1755253
What are the prime factors of 316809657?
3, 47, 421, 593
List the prime factors of 99341624.
2, 12417703
List the prime factors of 2276947954.
2, 19, 31, 43, 79, 569
What are the prime factors of 31851888?
2, 3, 663581
List the prime factors of 15966540.
2, 3, 5, 107, 829
List the prime factors of 1317740453.
83, 15876391
List the prime factors of 10100368.
2, 631273
List the prime factors of 3097967742.
2, 3, 57369773
List the prime factors of 59035095.
3, 5, 7, 179, 349
What are the prime factors of 49222099?
37, 41, 71, 457
List the prime factors of 71035233.
3, 59, 401329
What are the prime factors of 125563023?
3, 13951447
What are the prime factors of 24485901?
3, 11, 173, 4289
List the prime factors of 2224959618.
2, 3, 7, 179, 295951
What are the prime factors of 5500136029?
373, 14745673
List the prime factors of 35918263.
17, 73, 103, 281
List the prime factors of 167530472.
2, 2029, 10321
List the prime factors of 2426081.
7, 127, 2729
List the prime factors of 179766534.
2, 3, 17, 29, 60773
List the prime factors of 2968022392.
2, 371002799
List the prime factors of 639352168.
2, 7, 13, 367, 2393
What are the prime factors of 636385709?
71, 109, 82231
What are the prime factors of 1727516026?
2, 53, 263, 61967
What are the prime factors of 552440044?
2, 13, 37, 1699
List the prime factors of 30110331.
3, 31, 323767
List the prime factors of 350748250.
2, 5, 17, 82529
List the prime factors of 296831871.
3, 7, 37, 14149
What are the prime factors of 344292893?
7, 73, 193, 3491
List the prime factors of 3510439427.
11, 281, 607, 1871
List the prime factors of 5295495807.
3, 7, 12007927
List the prime factors of 3124375951.
31, 577, 174673
What are the prime factors of 162893498?
2, 19, 23, 186377
List the prime factors of 61900647.
3, 97, 281, 757
List the prime factors of 803807243.
17, 23, 211, 9743
What are the prime factors of 1276329266?
2, 29, 401, 54877
List the prime factors of 1423298247.
3, 7, 2753, 3517
List the prime factors of 1254070045.
5, 37, 113, 239, 251
What are the prime factors of 818371031?
67, 12214493
List the prime factors of 85709047.
89, 613, 1571
What are the prime factors of 121758755?
5, 53, 459467
What are the prime factors of 4277528855?
5, 29, 1181, 24979
List the prime factors of 41398400.
2, 5, 17, 761
List the prime factors of 8642705608.
2, 71, 3571, 4261
What are the prime factors of 114329115?
3, 5, 41, 61967
What are the prime factors of 4814618330?
2, 5, 481461833
List the prime factors of 3887459006.
2, 1943729503
What are the prime factors of 2718539211?
3, 23, 5647, 6977
List the prime factors of 26561329.
269, 293, 337
What are the prime factors of 466089899?
11, 42371809
List the prime factors of 155243584.
2, 2425681
What are the prime factors of 976244639?
2767, 352817
List the prime factors of 671866789.
11, 241, 253439
List the prime factors of 6352789346.
2, 19, 167178667
What are the prime factors of 269543454?
2, 3, 44923909
List the prime factors of 202899028.
2, 331, 153247
What are the prime factors of 1560766116?
2, 3, 7, 13, 37, 38629
What are the prime factors of 760926285?
3, 5, 7, 805213
List the prime factors of 117281881.
117281881
List the prime factors of 3603577.
3603577
What are the prime factors of 513581366?
2, 256790683
What are the prime factors of 7139053?
1531, 4663
What are the prime factors of 70811040?
2, 3, 5, 29, 5087
List the prime factors of 129708503.
29, 107, 41801
What are the prime factors of 180626241?
3, 17, 3541691
What are the prime factors of 135765114?
2, 3, 22627519
What are the prime factors of 295847439?
3, 43, 2293391
List the prime factors of 127114644.
2, 3, 17, 197, 3163
What are the prime factors of 263126284?
2, 71, 211, 4391
What are the prime factors of 541300980?
2, 3, 5, 11, 773, 1061
List the prime factors of 1416611471.
11, 157, 820273
List the prime factors of 20575601.
59, 348739
List the prime factors of 83488802.
2, 17, 2455553
What are the prime factors of 63264197?
173, 365689
What are the prime factors of 118854206?
2, 229, 259507
List the prime factors of 87020156.
2, 71, 131, 2339
What are the prime factors of 69942960?
2, 3, 5, 32381
What are the prime factors of 231796417?
4139, 56003
What are the prime factors of 230025170?
2, 5, 41, 461, 1217
List the prime factors of 4041340800.
2, 3, 5, 7, 60139
What are the prime factors of 26549256?
2, 3, 1106219
What are the prime factors of 174534920?
2, 5, 7, 17, 37, 991
What are the prime factors of 733339132?
2, 17, 10784399
List the prime factors of 38006098.
2, 13, 41, 101, 353
List the prime factors of 45119076.
2, 3, 599, 6277
Wha